6 - -4. Let y(g) be the first derivative of 5*g**2/2 + g - 312. Give y(x).
-9
Suppose -2*d + 2 - 4 = 0. Let j be -1*1 + (d - -1). Let r(g) = -g - 6 + 10 + 9*g**2 - 5. Calculate r(j).
9
Let i = -45 - -48. Let k be (-2 + (-36)/(-21))*-7. Let b(y) = 5*y + 4*y - 4*y - 4 - k*y**3 + y**2 + y**3. Calculate b(i).
-7
Suppose -3*b - 2*b - 21 = -3*s, -4*s = 5*b + 7. Let m(j) = 0*j**3 + 2*j**3 - 9*j + 11 - 7*j**s - j**3. What is m(8)?
3
Let d(b) be the first derivative of 7*b**2/2 + 51*b - 421. Calculate d(-7).
2
Let v(o) = -o**3 - 9*o**2 - 9*o - 3. Suppose 2*q + 4*t = 3 + 33, -5*t = -q - 17. Let y be (q - (0 + 4))*-2. Calculate v(y).
5
Let h(f) = -2*f + 7. Let g be -8 - (10 + (-130)/13). Determine h(g).
23
Let n(f) = -f**2 - 7*f + 2. Let w(h) = -3*h + 8. Let p(k) = k + 1. Let l(v) = -2*p(v) - w(v). Let b be l(4). What is n(b)?
8
Let w(p) = -7*p + 4. Let j(o) = o. Suppose 0 = 2*u + 3*d + 3, 0*u = -2*u - 4*d - 8. Let g(m) = u*j(m) + w(m). What is g(8)?
-4
Let h(m) = m**2 + 3*m - 9. Let l be h(-3). Let b be -1 + -3 + 8 + l. Let g(v) = -v**2 - 2*v - 3. Calculate g(b).
-18
Let h(d) be the third derivative of d**6/24 - d**5/60 - d**4/24 + 24*d**2. Suppose 10 = 5*o, -2*o = -4*i - 5 - 3. Calculate h(i).
-5
Let t(m) = m - 1. Let y(g) = -7*g + 10. Suppose 8 = -12*d + 4*d. Let v(s) = d*y(s) - 4*t(s). Calculate v(6).
12
Let u be (2/3)/((-6)/27). Let w(v) be the second derivative of -3/2*v**2 + 1/6*v**3 + 0 + 1/12*v**4 + 3*v. Determine w(u).
3
Let b(a) = a - 4. Let j = 22 + -22. Let w be -1 + 0 + j + 1. Let f = w - 4. Give b(f).
-8
Let g(n) = n - 14. Let q be 0 - (2 + -2 + 3) - -10. What is g(q)?
-7
Suppose -37 = 3*p - 46. Let g(y) = p*y**2 + 12*y - 7*y**3 + 5*y**3 - 9*y. What is g(3)?
-18
Let q = -5 + 3. Let l(m) be the second derivative of -m**5/10 + m**4/12 + m**3/2 + 3*m**2/2 + 181*m. Calculate l(q).
17
Let d(m) be the second derivative of m**5/20 + m**4/6 - m**3/2 + 3*m**2/2 + 120*m. Calculate d(-3).
3
Let a(n) be the third derivative of -n**5/60 - n**4/24 - 17*n**3/6 + 9*n**2 - 13. Suppose -h + 5 + 0 = 2*r, -10 = r - 2*h. Give a(r).
-17
Let p(l) = -2*l**3 + l**2 + l + 1. Let k(o) = -11*o**3 + 4*o**2 + 4*o - 2. Let a(m) = k(m) - 5*p(m). Give a(0).
-7
Let b = 62 - 60. Let f(a) be the second derivative of 3*a + 0 - a**2 + 1/12*a**4 - 1/6*a**3 + 1/10*a**5. Determine f(b).
16
Suppose -31*x + 28*x = -3. Let o(q) be the first derivative of -x - 7*q - 1/3*q**3 - 7/2*q**2. Determine o(-6).
-1
Let v(y) = -y**3 + 5*y**2 - 3*y - 2. Let u = 10 + -8. Suppose -u*h - 4*x = 0, x - 4 = 3*x. Give v(h).
2
Let t(y) = y**3 - 9*y**2 - 9*y - 9. Let u be t(10). Suppose -u = -6*n + 7*n. Let w(b) = 13*b**3 + b**2 - 1. What is w(n)?
-13
Let m(v) be the first derivative of -20 + v - 11/2*v**2. Suppose -2*i - 2*i = -4. Give m(i).
-10
Let f(x) = x**2. Let i be 1*(-6 + -4 + 9). Suppose 0 = 5*v - 2 - 28. Let a(n) = -n**2 + 2*n - 1. Let p(z) = i*a(z) + v*f(z). Give p(1).
6
Let o(u) = u**3 - 8*u**2 + u - 6. Let r be o(8). Let q(l) = l**2 - 3*l + 3. Let z be q(r). Let g(c) = -2 + z + 4*c + 2. Determine g(1).
5
Let g(d) be the third derivative of -d**6/120 - 7*d**5/60 - d**4/12 - 7*d**3/6 - d**2 + 29*d. Calculate g(-6).
-31
Let w(p) = -5*p - 7. Let o(u) = -4 + 12 + 5*u + u. Let r = -124 - -118. Let h(i) = r*o(i) - 7*w(i). Determine h(3).
-2
Let n(a) be the third derivative of a**4/12 + 5*a**3/3 + 5*a**2 - 6. Let p(v) = v. Let x be p(5). Suppose -x*z + 3*w = -3*z + 14, 4*w = 0. Give n(z).
-4
Let p(n) = -7*n + 4. Let o(l) = l**2 + 5*l - 4. Let t be o(-5). Let j(y) = y**2 + 6*y - 3. Let x(k) = t*p(k) - 5*j(k). Determine x(-1).
-4
Let t = -142 - -145. Let j(c) = -7*c**2 + 21 + c**3 + 4*c**3 + 2*c - 4*c**t - 25. Calculate j(7).
10
Let a(l) be the second derivative of -l**3 - 6*l**2 + 136*l - 2. Determine a(-9).
42
Let s(i) be the first derivative of -i**2/2 - 5*i + 73. Give s(-5).
0
Suppose 3*u - 24 = 12. Let g = u + -11. Let x(t) = -4*t + 3*t + t**2 + g - 3 + 5*t. Give x(-6).
10
Let n = -92 - -93. Let s(g) = 15*g + 1. Give s(n).
16
Let c(x) = 2*x + 7. Suppose 3*m - 1 + 19 = 0. Let h = m - 0. Calculate c(h).
-5
Let p(r) = -r - 1. Let a be p(-3). Let m be 3*((-6)/10)/(36/(-40)). Let u(k) = -k - k - 4*k + m + k. Calculate u(a).
-8
Suppose -3*t + 17 + 1 = 0. Suppose -t = -6*j + 4*j. Let l(p) = j - 4 + 6*p**3 - p**3 + p**2. Give l(-1).
-5
Let z(d) be the second derivative of -d**3/6 + 2*d**2 - d. Suppose 3*s + 3*l = 6, -5*s - 6*l + 22 = -4*l. What is z(s)?
-2
Let j = 89 + -54. Suppose -4*p - j = -11. Let u(b) = -b**3 - 6*b**2 - 2*b - 4. What is u(p)?
8
Let a be 180/(-42) + 4/14. Let d be (-1)/(-3) + a/(-6). Let z be (24/(-18))/(d/(-3)). Let v(w) = -2*w. Determine v(z).
-8
Let z(k) be the third derivative of -k**5/60 - k**4/3 + 7*k**3/6 - 8*k**2. Let y(d) = d**2 + 9*d - 8. Let n(b) = -4*y(b) - 5*z(b). Determine n(-4).
-3
Suppose 15*l = 19*l - 32. Let b(f) = -1 - 15*f + 6*f + l*f. Determine b(-3).
2
Let a be -2*(-8)/(-1 - 3). Let i(t) = 8 - 2*t + 3 - 3 - t**2 - 6. Calculate i(a).
-6
Let h(t) be the second derivative of 1/6*t**3 + 1/6*t**4 + 0 - 1/2*t**2 + 6*t + 1/20*t**5. Suppose -2 = -3*i - 5*q - 23, 3*i - 5*q = 9. Determine h(i).
-3
Let b(k) = 3*k + 1. Let s(r) = 16*r - 10. Let a(f) = -6*b(f) + s(f). What is a(-7)?
-2
Let a(t) = t - 12. Suppose 0 = 3*c - 9, -5*c + 4 = -3*d + 16. Determine a(d).
-3
Let y(c) = 0*c**2 + 14 - 7*c - 9 - c**2. Let z be (-8 - 4/(-2)) + -1. Calculate y(z).
5
Let p(w) = -2*w - 2. Let q(n) = n**2 + 4*n + 3. Let o be q(-2). Let r(a) = -6*a**3 + a**2 + 2*a + 1. Let z be r(o). Suppose -z*h = -11*h - 20. Give p(h).
6
Let j(s) be the first derivative of -2*s**3 + s**2/2 - 765. Calculate j(-1).
-7
Suppose 0 = -4*y + 2*q + 44 - 10, 0 = -4*y + 4*q + 44. Let k(w) = y - 3*w + w**2 - 5*w + 1. Give k(6).
-5
Let p(i) be the second derivative of 7*i**3/6 - 415*i. Determine p(0).
0
Suppose 35 = 3*s + 2*s. Let w = s - 7. Let m(u) = -3 + 2*u**2 - 3*u**2 + w + 7*u. Calculate m(5).
7
Suppose -415*h = -403*h - 60. Let u(y) be the first derivative of 1/3*y**3 - h - 7/2*y**2 - 2*y. Determine u(5).
-12
Let c(f) = 7*f**2 - 10*f - 4. Let h(m) = -2*m - 1. Let s(p) = c(p) - 6*h(p). Determine s(-2).
26
Let y be (-1106)/474 - 1/(-3). Let k(p) = 1 - 2 - 3 - p. What is k(y)?
-2
Let l(n) = n**2. Let z be ((-11)/11)/((-1)/19). Let f = -20 + z. Let j(v) = 12*v**3 + 2*v**2 + v - 1. Let c(b) = f*j(b) + 3*l(b). Give c(1).
-11
Let p(j) be the third derivative of 1/60*j**5 + 0*j + 0 - 10*j**2 - 7/6*j**3 - 1/8*j**4. What is p(5)?
3
Let p(r) = -15*r + 123. Let u(s) = 22*s - 184. Let n(y) = -7*p(y) - 5*u(y). Give n(12).
-1
Suppose 4*k = 16 + 12. Let y(j) be the first derivative of -j**3/3 + 7*j**2/2 + 2*j + 559. Determine y(k).
2
Let s(l) be the first derivative of -3*l**2/2 - l - 329. Calculate s(2).
-7
Let o = 109 - 100. Suppose -5*d = 5, 0 = -4*q + q - d + 32. Let m = o - q. Let g(p) = 2*p**2 + 2*p - 2. Determine g(m).
2
Let p(x) be the third derivative of -x**6/120 + 13*x**5/60 + 7*x**4/12 + 4*x**3/3 + 115*x**2 + 2. Calculate p(14).
8
Let y(m) = 59*m + 17. Let h(d) = 13*d + 4. Let v(q) = -18*h(q) + 4*y(q). Calculate v(7).
10
Let n be 2/(0/3 - 2). Let f(y) be the third derivative of -8*y**2 - 1/4*y**4 + 0*y + 1/6*y**3 + 0. Give f(n).
7
Let z(i) = -i + 2. Suppose -4 = -5*a - 2*h - 1, -5*a = -4*h + 21. Let t(w) = -7*w + 11. Let b(u) = a*t(u) + 5*z(u). What is b(-6)?
-13
Let c(d) be the third derivative of d**6/120 + d**5/15 - d**4/2 + 5*d**3/6 + 259*d**2. Determine c(-6).
5
Let y(g) = g + 5. Let p(w) = -28*w - 795. Let c be p(-28). Give y(c).
-6
Let p(q) = -q**3 + 3*q**2 + 2*q + 4. Let z(r) = 4*r**3 + 2*r**2 - 3*r + 1. Let c = 2 - 1. Let i be z(c). Give p(i).
-4
Let i(z) = -z**2 - 5*z + 6. Suppose 0 = -24*g + 22*g + 28. Suppose g*v = 18*v + 24. Give i(v).
0
Let b(k) = -3*k - 1. Let v(w) be the second derivative of -w**5/20 + w**4/12 - w**2/2 - w. Suppose -23*d + 27*d + 4 = 0. Let r be v(d). Give b(r).
-4
Let i be (4/(-5))/((-4)/(-30)). Let b(f) be the first derivative of f**3/3 + 3*f**2 - 5*f - 408. What is b(i)?
-5
Let m = 43 - 42. Let b(v) = v**2 - v. Let y(n) = 5*n**2 - 4*n. Let f(u) = m*b(u) - y(u). Calculate f(2).
-10
Let s = 17 - 13. Let o(q) = 2*q**2 - 8*q - 4. Let t(w) = 2*w**2 - 7*w - 4. Let y(i) = -2*o(i) + 3*t(i). What is y(s)?
8
Suppose 10*c - 9*c - 4*b - 6 = 0, 0 = -2*c - 3*b - 21. Let w be 16/(-10) + c/1